ulate the greatest common divisor of 715 and 2530.
55
What is the greatest common factor of 108521 and 1295?
259
What is the highest common factor of 167570 and 3640?
130
What is the highest common divisor of 44 and 5148?
44
What is the greatest common divisor of 83196 and 180?
36
What is the highest common factor of 107196 and 36?
12
What is the greatest common factor of 46 and 8962?
2
What is the highest common divisor of 29376 and 23392?
544
What is the greatest common divisor of 189 and 1708?
7
Calculate the greatest common factor of 1000 and 360.
40
What is the greatest common divisor of 342 and 23886?
18
What is the highest common factor of 8777 and 13601?
67
Calculate the greatest common factor of 36 and 33732.
36
What is the greatest common factor of 260 and 1120?
20
What is the highest common factor of 47863 and 1035?
23
What is the greatest common factor of 942740 and 20?
20
Calculate the highest common factor of 256 and 24896.
64
Calculate the greatest common divisor of 344 and 60243.
43
Calculate the highest common factor of 60 and 2505.
15
Calculate the highest common factor of 1161 and 221880.
129
Calculate the greatest common factor of 12818 and 493.
493
Calculate the greatest common factor of 943000 and 41.
41
What is the highest common divisor of 7544 and 820?
164
What is the highest common divisor of 119 and 3026?
17
Calculate the greatest common divisor of 21 and 8605863.
21
Calculate the greatest common factor of 1075 and 7025.
25
What is the greatest common factor of 49 and 704571?
49
What is the highest common divisor of 15386 and 471?
157
What is the highest common factor of 10576 and 512?
16
What is the greatest common divisor of 88 and 210276?
44
What is the greatest common factor of 475 and 540?
5
What is the highest common divisor of 17760 and 456?
24
Calculate the greatest common divisor of 144 and 108304.
16
What is the highest common factor of 64 and 2444?
4
Calculate the greatest common factor of 4088 and 122567.
73
Calculate the highest common divisor of 9213 and 16206.
111
Calculate the greatest common factor of 615885 and 45.
15
Calculate the greatest common factor of 612 and 134436.
204
Calculate the highest common divisor of 69900 and 800.
100
Calculate the highest common divisor of 564 and 148332.
564
Calculate the greatest common divisor of 710801 and 182.
91
Calculate the highest common factor of 19169 and 406.
29
What is the highest common divisor of 42 and 4854?
6
Calculate the highest common divisor of 666 and 2199132.
666
What is the highest common divisor of 32 and 52272?
16
Calculate the greatest common divisor of 18 and 904041.
9
Calculate the greatest common divisor of 391 and 117047.
23
What is the greatest common factor of 2223 and 3393?
117
What is the highest common factor of 40117 and 1694?
77
Calculate the highest common factor of 1 and 188479.
1
What is the highest common factor of 2 and 4697?
1
Calculate the greatest common divisor of 320 and 930.
10
Calculate the greatest common divisor of 93320 and 160.
40
Calculate the highest common factor of 435456 and 672.
672
What is the highest common divisor of 20539 and 39997?
1081
What is the highest common factor of 431376 and 33?
33
Calculate the greatest common divisor of 42007 and 595.
119
Calculate the highest common divisor of 68322 and 35898.
1158
What is the greatest common factor of 30 and 25302?
6
Calculate the highest common divisor of 400 and 725.
25
Calculate the greatest common divisor of 1891 and 119865.
61
Calculate the highest common factor of 42585 and 1545.
15
What is the greatest common factor of 1254 and 18962?
38
What is the greatest common divisor of 767 and 111687?
59
Calculate the greatest common factor of 950 and 194650.
50
Calculate the greatest common factor of 5624 and 14896.
152
Calculate the greatest common divisor of 116 and 221995.
29
Calculate the highest common divisor of 12226 and 7.
1
What is the highest common divisor of 23361 and 156?
39
What is the highest common factor of 8646 and 297?
33
Calculate the greatest common factor of 97578 and 556.
278
Calculate the greatest common factor of 20064 and 1320.
264
Calculate the greatest common factor of 42291 and 999.
333
What is the highest common factor of 41 and 13981?
41
Calculate the greatest common divisor of 5566 and 3634.
46
What is the highest common factor of 414171 and 102?
51
Calculate the greatest common factor of 342860 and 632.
316
Calculate the greatest common divisor of 434538 and 11934.
702
What is the highest common factor of 703750 and 3378?
1126
Calculate the highest common factor of 42720 and 3115.
445
What is the highest common factor of 768788 and 568?
284
Calculate the greatest common factor of 15 and 510555.
15
What is the greatest common factor of 40 and 93272?
8
What is the highest common divisor of 18186 and 246?
6
What is the greatest common factor of 730744 and 28?
28
Calculate the greatest common factor of 1318257 and 1917.
639
What is the greatest common divisor of 2375 and 4427?
19
What is the greatest common factor of 136175 and 7735?
65
What is the highest common divisor of 9618 and 378?
42
Calculate the greatest common factor of 44 and 12232.
44
Calculate the greatest common divisor of 533 and 22399.
13
Calculate the highest common factor of 79590 and 420.
210
Calculate the greatest common factor of 1502 and 6.
2
Calculate the highest common factor of 1946 and 14672.
14
What is the greatest common factor of 28 and 31168?
4
What is the highest common factor of 408 and 122352?
24
What is the greatest common factor of 2327 and 143?
13
What is the greatest common factor of 377 and 5766969?
377
Calculate the greatest common factor of 6768 and 32336.
752
What is the greatest common divisor of 333914 and 161?
161
Calculate the highest common factor of 9061 and 1547.
221
Calculate the highest common factor of 15036 and 364.
28
What is the highest common divisor of 278922 and 783?
87
Calculate the highest common factor of 147742 and 5124.
854
What is the greatest common factor of 43896 and 31?
31
Calculate the greatest common factor of 162 and 666.
18
What is the highest common factor of 621 and 22059?
27
What is the highest common factor of 957 and 61219?
29
What is the highest common divisor of 13912 and 63544?
376
Calculate the highest common divisor of 9840 and 25625.
205
What is the greatest common divisor of 45591 and 26?
13
Calculate the greatest common factor of 22 and 1732786.
22
Calculate the highest common factor of 2244 and 26268.
132
Calculate the greatest common factor of 300313 and 182.
13
What is the greatest common divisor of 9639 and 476?
119
Calculate the greatest common factor of 4031 and 1479.
29
Calculate the greatest common factor of 1790670 and 210.
210
Calculate the greatest common factor of 189 and 26208.
63
Calculate the greatest common divisor of 518 and 21349.
37
What is the highest common factor of 399 and 357?
21
What is the greatest common factor of 9 and 106614?
9
What is the highest common divisor of 49046 and 274?
274
Calculate the greatest common divisor of 1856832 and 171.
57
What is the greatest common divisor of 607368 and 16?
8
What is the highest common factor of 1088 and 221?
17
Calculate the greatest common divisor of 7106 and 4675.
187
What is the greatest common factor of 164 and 485399?
41
What is the greatest common factor of 20572 and 5?
1
What is the highest common divisor of 16 and 126160?
16
What is the greatest common factor of 725768 and 257?
257
Calculate the greatest common divisor of 176 and 3215080.
88
Calculate the greatest common factor of 11658 and 142442.
134
Calculate the highest common divisor of 8310 and 40.
10
What is the highest common divisor of 65410 and 160?
10
Calculate the greatest common divisor of 197596 and 112.
28
What is the greatest common factor of 68 and 584?
4
What is the greatest common factor of 40 and 445980?
20
Calculate the highest common factor of 13333 and 6567.
199
Calculate the highest common factor of 4688416 and 64.
32
Calculate the highest common factor of 188 and 8.
4
What is the highest common divisor of 544 and 22576?
272
Calculate the greatest common divisor of 131703 and 78.
39
What is the highest common factor of 51135 and 60?
15
What 